 1708?
8
What is the ten thousands digit of 18394?
1
What is the thousands digit of 8908?
8
What is the hundreds digit of 899?
8
What is the units digit of 249?
9
What is the hundreds digit of 133757?
7
What is the units digit of 1976?
6
What is the hundreds digit of 739?
7
What is the hundreds digit of 31431?
4
What is the hundreds digit of 7170?
1
What is the thousands digit of 14127?
4
What is the thousands digit of 2808?
2
What is the units digit of 1951?
1
What is the units digit of 3140?
0
What is the hundreds digit of 984?
9
What is the hundreds digit of 96976?
9
What is the thousands digit of 12980?
2
What is the tens digit of 36967?
6
What is the units digit of 20571?
1
What is the tens digit of 906?
0
What is the units digit of 158465?
5
What is the tens digit of 32720?
2
What is the hundreds digit of 943?
9
What is the hundreds digit of 6767?
7
What is the units digit of 295?
5
What is the units digit of 5021?
1
What is the thousands digit of 10781?
0
What is the ten thousands digit of 10003?
1
What is the tens digit of 3897?
9
What is the thousands digit of 1822?
1
What is the hundreds digit of 6802?
8
What is the tens digit of 897?
9
What is the tens digit of 1179?
7
What is the units digit of 5477?
7
What is the units digit of 674?
4
What is the units digit of 26716?
6
What is the hundreds digit of 786?
7
What is the tens digit of 34566?
6
What is the hundreds digit of 2084?
0
What is the thousands digit of 4273?
4
What is the units digit of 42069?
9
What is the hundreds digit of 18046?
0
What is the tens digit of 2459?
5
What is the tens digit of 1901?
0
What is the thousands digit of 2212?
2
What is the tens digit of 10691?
9
What is the hundreds digit of 1210?
2
What is the hundreds digit of 999?
9
What is the tens digit of 1885?
8
What is the tens digit of 1985?
8
What is the tens digit of 5948?
4
What is the thousands digit of 1881?
1
What is the ten thousands digit of 40144?
4
What is the units digit of 415?
5
What is the units digit of 922?
2
What is the hundreds digit of 911?
9
What is the thousands digit of 14828?
4
What is the hundreds digit of 28907?
9
What is the thousands digit of 1542?
1
What is the thousands digit of 2248?
2
What is the thousands digit of 18395?
8
What is the hundreds digit of 3748?
7
What is the units digit of 5585?
5
What is the thousands digit of 3445?
3
What is the tens digit of 5093?
9
What is the tens digit of 2397?
9
What is the tens digit of 9936?
3
What is the units digit of 13705?
5
What is the units digit of 118794?
4
What is the hundreds digit of 739?
7
What is the units digit of 8753?
3
What is the hundreds digit of 568?
5
What is the units digit of 2999?
9
What is the units digit of 595?
5
What is the units digit of 928?
8
What is the hundreds digit of 4663?
6
What is the tens digit of 5356?
5
What is the hundreds digit of 10886?
8
What is the hundreds digit of 2787?
7
What is the thousands digit of 111659?
1
What is the hundreds digit of 2371?
3
What is the thousands digit of 79502?
9
What is the units digit of 1285?
5
What is the units digit of 630?
0
What is the ten thousands digit of 44078?
4
What is the thousands digit of 2258?
2
What is the thousands digit of 2053?
2
What is the hundreds digit of 15504?
5
What is the hundreds digit of 15598?
5
What is the units digit of 125634?
4
What is the ten thousands digit of 16200?
1
What is the thousands digit of 4622?
4
What is the tens digit of 80706?
0
What is the units digit of 27033?
3
What is the thousands digit of 102235?
2
What is the units digit of 139790?
0
What is the tens digit of 954?
5
What is the ten thousands digit of 40136?
4
What is the ten thousands digit of 77589?
7
What is the ten thousands digit of 29643?
2
What is the tens digit of 134?
3
What is the tens digit of 111983?
8
What is the hundreds digit of 880?
8
What is the thousands digit of 5217?
5
What is the tens digit of 305?
0
What is the tens digit of 1297?
9
What is the units digit of 11753?
3
What is the units digit of 10510?
0
What is the thousands digit of 2513?
2
What is the units digit of 7594?
4
What is the hundreds digit of 250?
2
What is the units digit of 77083?
3
What is the tens digit of 4500?
0
What is the tens digit of 52606?
0
What is the hundreds digit of 14564?
5
What is the tens digit of 2166?
6
What is the thousands digit of 1577?
1
What is the tens digit of 913?
1
What is the hundreds digit of 987?
9
What is the thousands digit of 2610?
2
What is the tens digit of 11683?
8
What is the units digit of 471?
1
What is the ten thousands digit of 52912?
5
What is the thousands digit of 18066?
8
What is the thousands digit of 1686?
1
What is the units digit of 176?
6
What is the units digit of 1987?
7
What is the tens digit of 4089?
8
What is the hundreds digit of 13982?
9
What is the thousands digit of 23333?
3
What is the tens digit of 27380?
8
What is the hundreds digit of 32139?
1
What is the units digit of 5209?
9
What is the tens digit of 718?
1
What is the hundreds digit of 11014?
0
What is the ten thousands digit of 41079?
4
What is the hundreds digit of 2616?
6
What is the hundreds digit of 564?
5
What is the thousands digit of 89126?
9
What is the thousands digit of 9385?
9
What is the tens digit of 2787?
8
What is the thousands digit of 92138?
2
What is the units digit of 5211?
1
What is the hundreds digit of 6900?
9
What is the thousands digit of 1337?
1
What is the units digit of 1035?
5
What is the tens digit of 16585?
8
What is the hundreds digit of 4364?
3
What is the hundreds digit of 131?
1
What is the tens digit of 18763?
6
What is the units digit of 16?
6
What is the hundreds digit of 1236?
2
What is the units digit of 4505?
5
What is the hundreds digit of 2324?
3
What is the units digit of 9724?
4
What is the units digit of 642?
2
What is the tens digit of 647?
4
What is the thousands digit of 1399?
1
What is the tens digit of 3476?
7
What is the units digit of 9087?
7
What is the tens digit of 3711?
1
What is the units digit of 32263?
3
What is the units digit of 516?
6
What is the thousands digit of 113673?
3
What is the ten thousands digit of 85955?
8
What is the ten thousands digit of 46925?
4
What is the thousands digit of 32433?
2
What is the tens digit of 3966?
6
What is the units digit of 7025?
5
What is the tens digit of 4835?
3
What is the units digit of 953?
3
What is the units digit of 7185?
5
What is the units digit of 5838?
8
What is the thousands digit of 20572?
0
What is the ten thousands digit of 102202?
0
What is the hundreds digit of 2406?
4
What is the hundreds digit of 1756?
7
What is the hundreds digit of 38376?
3
What is the ten thousands digit of 12446?
1
What is the units digit of 2237?
7
What is the tens digit of 4111?
1
What is the hundreds digit of 11843?
8
What is the tens digit of 6124?
2
What is the hundreds digit of 131941?
9
What is the hundreds digit of 999?
9
What is the units digit of 3459?
9
What is the tens digit of 429?
2
What is the ten thousands digit of 162856?
6
What is the units digit of 88507?
7
What is the hundreds digit of 1385?
3
What is the thousands digit of 18777?
8
What is the thousands digit of 1658?
1
What is the tens digit of 2777?
7
What is the tens digit of 716?
1
What is the units digit of 25207?
7
What is the units digit of 1164?
4
What is the ten thousands digit of 54391?
5
What is the units digit of 3033?
3
What is the tens digit of 18838?
3
What is the units digit of 2146?
6
What is the tens digit of 103980?
8
What is the thousands digit of 24759?
4
What is the tens digit of 3972?
7
What is the tens digit of 30843?
4
What is the hundreds digit of 226?
2
What is the hundreds digit of 5020?
0
What is the units digit of 7841?
1
What is the units digit of 3209?
9
What is the hundreds digit of 2837?
8
What is the tens digit of 153?
5
What is the units digit of 6605?
5
What is the hundreds digit of 591?
5
What is the thousands digit of 8745?
8
What is the tens digit of 15?
1
What is the tens digit of 539?
3
What is the hundreds digit of 39234?
2
What is the hundreds digit of 3870?
8
What is the thousands digit of 5743?
5
What is the thousands digit of 1176?
1
What is the hundreds digit of 13870?
8
What is the units digit of 19747?
7
What is the tens digit of 182?
8
Wh